{"id":17,"date":"2023-01-10T08:16:55","date_gmt":"2023-01-10T08:16:55","guid":{"rendered":"https:\/\/web-creations.fr\/?page_id=17"},"modified":"2023-02-15T11:36:24","modified_gmt":"2023-02-15T11:36:24","slug":"nos-solutions","status":"publish","type":"page","link":"https:\/\/web-creations.fr\/index.php\/nos-solutions\/","title":{"rendered":"Nos solutions"},"content":{"rendered":"<div class=\"fusion-fullwidth fullwidth-box fusion-builder-row-1 fusion-flex-container has-pattern-background has-mask-background nonhundred-percent-fullwidth non-hundred-percent-height-scrolling\" style=\"--awb-border-radius-top-left:0px;--awb-border-radius-top-right:0px;--awb-border-radius-bottom-right:0px;--awb-border-radius-bottom-left:0px;\" ><div class=\"fusion-builder-row fusion-row fusion-flex-align-items-flex-start\" style=\"max-width:1248px;margin-left: calc(-4% \/ 2 );margin-right: calc(-4% \/ 2 );\"><div class=\"fusion-layout-column fusion_builder_column fusion-builder-column-0 fusion_builder_column_1_1 1_1 fusion-flex-column\" style=\"--awb-bg-size:cover;--awb-width-large:100%;--awb-margin-top-large:0px;--awb-spacing-right-large:1.92%;--awb-margin-bottom-large:20px;--awb-spacing-left-large:1.92%;--awb-width-medium:100%;--awb-order-medium:0;--awb-spacing-right-medium:1.92%;--awb-spacing-left-medium:1.92%;--awb-width-small:100%;--awb-order-small:0;--awb-spacing-right-small:1.92%;--awb-spacing-left-small:1.92%;\"><div class=\"fusion-column-wrapper fusion-column-has-shadow fusion-flex-justify-content-flex-start fusion-content-layout-column\"><div class=\"accordian fusion-accordian\" style=\"--awb-padding-top:15px;--awb-padding-bottom:15px;--awb-border-size:1px;--awb-icon-size:28px;--awb-content-font-size:var(--awb-typography4-font-size);--awb-icon-alignment:left;--awb-hover-color:var(--awb-color2);--awb-border-color:var(--awb-color3);--awb-background-color:var(--awb-color1);--awb-divider-color:var(--awb-color3);--awb-divider-hover-color:var(--awb-color3);--awb-icon-color:var(--awb-color1);--awb-title-color:var(--awb-color8);--awb-content-color:var(--awb-color8);--awb-icon-box-color:var(--awb-color8);--awb-toggle-hover-accent-color:var(--awb-color4);--awb-toggle-active-accent-color:var(--awb-color8);--awb-title-font-family:Verdana, Geneva, sans-serif;--awb-title-font-weight:400;--awb-title-font-style:normal;--awb-title-font-size:16px;--awb-content-font-family:var(--awb-typography4-font-family);--awb-content-font-weight:var(--awb-typography4-font-weight);--awb-content-font-style:var(--awb-typography4-font-style);\"><div class=\"panel-group fusion-toggle-icon-unboxed\" id=\"accordion-17-1\"><div class=\"fusion-panel panel-default panel-5c8a8ca827a2520a2 fusion-toggle-has-divider\" style=\"--awb-title-font-family:Verdana, Geneva, sans-serif;--awb-title-font-weight:400;--awb-title-font-style:normal;--awb-title-font-size:26px;--awb-title-color:var(--awb-color8);\"><div class=\"panel-heading\"><h3 class=\"panel-title toggle\" id=\"toggle_5c8a8ca827a2520a2\"><a aria-expanded=\"false\" aria-controls=\"5c8a8ca827a2520a2\" role=\"button\" data-toggle=\"collapse\" data-parent=\"#accordion-17-1\" data-target=\"#5c8a8ca827a2520a2\" href=\"#5c8a8ca827a2520a2\"><span class=\"fusion-toggle-icon-wrapper\" aria-hidden=\"true\"><i class=\"fa-fusion-box active-icon fa-globe-americas fas\" aria-hidden=\"true\"><\/i><i class=\"fa-fusion-box inactive-icon fa-globe-europe fas\" aria-hidden=\"true\"><\/i><\/span><span class=\"fusion-toggle-heading\">Site web cl\u00e9s en main<\/span><\/a><\/h3><\/div><div id=\"5c8a8ca827a2520a2\" class=\"panel-collapse collapse \" araia-labelledby=\"toggle_5c8a8ca827a2520a2\"><div class=\"panel-body toggle-content fusion-clearfix\">\n<p>Cette prestation s&rsquo;adresse aux entreprises, collectivit\u00e9s, associations ou m\u00eame particuliers d\u00e9sireux de se doter d&rsquo;un site internet (du site vitrine au site d&rsquo;e-commerce) afin de b\u00e9n\u00e9ficier, en lien avec les r\u00e9seaux sociaux, d&rsquo;une exposition m\u00e9diatique optimis\u00e9e.<\/p>\n<h4>La ma\u00eetrise de toutes les \u00e9tapes du d\u00e9veloppement<\/h4>\n<p>La mise en ligne d&rsquo;un site internet n&rsquo;est pas un processus particuli\u00e8rement compliqu\u00e9 mais il requiert un grand nombre d&rsquo;\u00e9tapes dont chacune demande une certaine comp\u00e9tence. Un mauvais enchainement de ces \u00e9tapes peut conduire \u00e0 des retards ou des surco\u00fbts impr\u00e9vus. <strong>WEB Cr\u00e9ations<\/strong> ma\u00eetrise l&rsquo;ensemble du processus depuis de nombreuses ann\u00e9es.<\/p>\n<ul>\n<li>Ouverture d&rsquo;un h\u00e9bergement (Serveur Bare Metal OVHCloud)<\/li>\n<li>Achat d&rsquo;un nom de domaine et configuration DNS (Gandi)<\/li>\n<li>Acquisition et installation d&rsquo;un certificat SSL pour l&rsquo;acc\u00e8s s\u00e9curis\u00e9 (https)<\/li>\n<li>Installation et param\u00e9trage d&rsquo;un CMS (WordPress, Elementor, PrestaShop, Typo3&#8230;)<\/li>\n<li>Cr\u00e9ation d&rsquo;une charte graphique et d&rsquo;un logo<\/li>\n<li>Montage et saisie initiale du site<\/li>\n<li>Installation d&rsquo;une solution de SEO (optimisation du r\u00e9f\u00e9rencement)<\/li>\n<li>Installation d&rsquo;un gestionnaire de consentement (RGPD)<\/li>\n<li>Mise en place de statistiques de fr\u00e9quentation (Google Analytics, Matomo&#8230;)<\/li>\n<li>Maintenance logicielle permanente au cours de la vie du site<\/li>\n<li>Formation des webmestres<\/li>\n<li>Prise en charge ou aide \u00e0 la saisie des mises \u00e0 jour<\/li>\n<\/ul>\n<h4>D\u00e9veloppement Agile (Scrum)<\/h4>\n<p>Depuis de nombreuses ann\u00e9es, INFO Service puis <strong>WEB Cr\u00e9ations<\/strong> pratique la m\u00e9thode de programmation Agile, probablement m\u00eame avant l&rsquo;existence de ce terme.<br \/>\nLa m\u00e9thode Agile et en particulier sa variante Scrum est particuli\u00e8rement adapt\u00e9e aux projets impliquant d&rsquo;un cot\u00e9 une \u00e9quipe pluridisciplinaire autonome et de l&rsquo;autre le client.<br \/>\nContrairement aux m\u00e9thodes traditionnelles reposant sur un cahier des charges complexe et structur\u00e9, la m\u00e9thode Agile s&rsquo;appuie sur des objectifs de r\u00e9alisation plus proches et plus modestes dont l&rsquo;avanc\u00e9e est contr\u00f4l\u00e9e et valid\u00e9e par des r\u00e9unions fr\u00e9quentes entre l&rsquo;\u00e9quipe et le client (scrum).<br \/>\nOn arrive ainsi plus rapidement et de fa\u00e7on plus satisfaisante \u00e0 un r\u00e9sultat optimal sans avoir eu besoin de d\u00e9finir au pr\u00e9alable les contours et les d\u00e9tails du projet.<br \/>\nUn autre avantage de cette m\u00e9thode est qu&rsquo;elle n&rsquo;exige pas du client une connaissance technique approfondie puisqu&rsquo;il n&rsquo;a \u00e0 aucun moment le besoin de se pr\u00e9occuper des objectifs lointains et des obstacles qui pourraient surgir pendant la r\u00e9alisation du site.<\/p>\n<h4>Solution administr\u00e9e<\/h4>\n<p>Dans cette solution, la prestation est en g\u00e9n\u00e9ral assortie d&rsquo;un contrat pluriannuel sans engagement couvrant l&rsquo;h\u00e9bergement, le renouvellement annuel du nom de domaine, la maintenance corrective et pr\u00e9ventive et des refontes graphiques p\u00e9riodiques (3 \u00e0 5 ans), de m\u00eame qu&rsquo;une externalisation compl\u00e8te de la fonction de webmestre.<br \/>\nLe client pourra \u00e0 tout moment et sans pr\u00e9avis passer \u00e0 la solution autonome. La migration vers son propre h\u00e9bergement ne fera l&rsquo;objet d&rsquo;aucun surco\u00fbt.<\/p>\n<h4>Solution autonome<\/h4>\n<p>Dans cette solution <strong>WEB Cr\u00e9ations<\/strong> r\u00e9alise l&rsquo;ensemble des op\u00e9rations d\u00e9taill\u00e9es ci-dessus pour livrer au client final un site op\u00e9rationnel. Celui-ci recevra une formation ad\u00e9quate lui permettant d&rsquo;assurer en autonomie toutes les op\u00e9rations d&rsquo;animation, de maintenance et d&rsquo;\u00e9volution de son site.<br \/>\nL&rsquo;h\u00e9bergement sera fourni par <strong>WEB Cr\u00e9ations<\/strong> pendant la p\u00e9riode de d\u00e9veloppement et de lancement du site sans pouvoir exc\u00e9der un an. Le client devra pr\u00e9voir un h\u00e9bergement de caract\u00e9ristiques comparables pour h\u00e9berger sa solution autonome.<br \/>\nWEB Cr\u00e9ations pourra \u00eatre sollicit\u00e9 pour des prestations ponctuelles ou pour faire face \u00e0 des besoins nouveaux.<\/p>\n<h4>Un investissement p\u00e9renne<\/h4>\n<p>Qu&rsquo;il opte pour la solution administr\u00e9e ou la solution autonome, le client reste \u00e0 tout moment pleinement propri\u00e9taire de l&rsquo;int\u00e9gralit\u00e9 des composants logiciels du site et des contenus qu&rsquo;il a, le plus souvent, fournis lui-m\u00eame.<br \/>\nEn fin de d\u00e9veloppement ou \u00e0 la fin d&rsquo;un contrat pluriannuel, le client peut demander la restitution de ces composants et contenus ou leur migration vers un h\u00e9bergement de son choix.<br \/>\nPour les composants soumis \u00e0 une licence payante, le client aura \u00e0 sa charge le renouvellement de ces licences sur le nouvel h\u00e9bergement. Il est inform\u00e9 que le non renouvellement de ces licences peut affecter le fonctionnement du site ou de certaines de ses fonctionnalit\u00e9s.<\/p>\n<\/div><\/div><\/div><div class=\"fusion-panel panel-default panel-f0e3322fd209d969b fusion-toggle-has-divider\" style=\"--awb-title-font-family:Verdana, Geneva, sans-serif;--awb-title-font-weight:400;--awb-title-font-style:normal;--awb-title-font-size:26px;--awb-title-color:var(--awb-color8);\"><div class=\"panel-heading\"><h3 class=\"panel-title toggle\" id=\"toggle_f0e3322fd209d969b\"><a aria-expanded=\"false\" aria-controls=\"f0e3322fd209d969b\" role=\"button\" data-toggle=\"collapse\" data-parent=\"#accordion-17-1\" data-target=\"#f0e3322fd209d969b\" href=\"#f0e3322fd209d969b\"><span class=\"fusion-toggle-icon-wrapper\" aria-hidden=\"true\"><i class=\"fa-fusion-box active-icon fa-globe-americas fas\" aria-hidden=\"true\"><\/i><i class=\"fa-fusion-box inactive-icon fa-globe-europe fas\" aria-hidden=\"true\"><\/i><\/span><span class=\"fusion-toggle-heading\">Reprise technique d'un site existant<\/span><\/a><\/h3><\/div><div id=\"f0e3322fd209d969b\" class=\"panel-collapse collapse \" araia-labelledby=\"toggle_f0e3322fd209d969b\"><div class=\"panel-body toggle-content fusion-clearfix\">\n<p>Cette prestation s&rsquo;adresse aux possesseurs d&rsquo;un site ancien connaissant des difficult\u00e9s de fonctionnement (CMS d\u00e9pass\u00e9, pr\u00e9sence de malware, param\u00e9trage d\u00e9fectueux&#8230;) ou n\u00e9cessitant une refonte partielle.<\/p>\n<ul>\n<li>Diagnostic portant sur les caract\u00e9ristiques de l&rsquo;h\u00e9bergement, les versions logicielles install\u00e9es et la compatibilit\u00e9 entre les diff\u00e9rents \u00e9l\u00e9ments<\/li>\n<li>Recherche de logiciels malveillants et \u00e9limination si possible<\/li>\n<li>S\u00e9curisation des acc\u00e8s (suppression des administrateurs p\u00e9rim\u00e9s, renforcement des mots de passe&#8230;)<\/li>\n<\/ul>\n<p>Selon le r\u00e9sultat du diagnostic:<\/p>\n<ul>\n<li>Mise \u00e0 jour des composants logiciels dans leur derni\u00e8re version publique (CMS, extensions, plugins)<\/li>\n<li>R\u00e9paration des \u00e9l\u00e9ments ou fonctions d\u00e9fectueux<\/li>\n<li>Installation de nouvelles extensions ou plugins<\/li>\n<li>Refonte partielle de l&rsquo;environnement graphique<\/li>\n<\/ul>\n<p>Si le diagnostic r\u00e9v\u00e8le une insuffisance du serveur d&rsquo;h\u00e9bergement, notamment sur les composants PHP et MySql\u00a0 ou un endommagement irr\u00e9parable des composants logiciels (CMS et extensions), <strong>WEB Cr\u00e9ations<\/strong> proposera de re-cr\u00e9er le site en reprenant l&rsquo;int\u00e9gralit\u00e9 de son contenu et l&rsquo;essentiel de son aspect graphique sur des solutions d&rsquo;h\u00e9bergement et de CMS appropri\u00e9s, dans le cadre de son offre \u00ab\u00a0site cl\u00e9s en main\u00a0\u00bb.<\/p>\n<\/div><\/div><\/div><div class=\"fusion-panel panel-default panel-8f78cfc2aae5a5c4b fusion-toggle-has-divider\" style=\"--awb-title-font-family:Verdana, Geneva, sans-serif;--awb-title-font-weight:400;--awb-title-font-style:normal;--awb-title-font-size:26px;--awb-title-color:var(--awb-color8);\"><div class=\"panel-heading\"><h3 class=\"panel-title toggle\" id=\"toggle_8f78cfc2aae5a5c4b\"><a aria-expanded=\"false\" aria-controls=\"8f78cfc2aae5a5c4b\" role=\"button\" data-toggle=\"collapse\" data-parent=\"#accordion-17-1\" data-target=\"#8f78cfc2aae5a5c4b\" href=\"#8f78cfc2aae5a5c4b\"><span class=\"fusion-toggle-icon-wrapper\" aria-hidden=\"true\"><i class=\"fa-fusion-box active-icon fa-globe-americas fas\" aria-hidden=\"true\"><\/i><i class=\"fa-fusion-box inactive-icon fa-globe-europe fas\" aria-hidden=\"true\"><\/i><\/span><span class=\"fusion-toggle-heading\">Reprise en webma\u00eetrise d'un site existant<\/span><\/a><\/h3><\/div><div id=\"8f78cfc2aae5a5c4b\" class=\"panel-collapse collapse \" araia-labelledby=\"toggle_8f78cfc2aae5a5c4b\"><div class=\"panel-body toggle-content fusion-clearfix\">\n<p>Cette prestation s&rsquo;adresse aux entreprises ou collectivit\u00e9s qui disposent d&rsquo;un site internet en fonctionnement, mais n&rsquo;ont pas en interne les comp\u00e9tences n\u00e9cessaires \u00e0 son animation et sa mise a jour. <strong>WEB Cr\u00e9ations<\/strong> leur propose d&rsquo;externaliser cette fonction.<\/p>\n<p>Ces quelques exemples fr\u00e9quemment r\u00e9alis\u00e9s par <strong>WEB Cr\u00e9ations<\/strong> illustrent cette prestation aux contours tr\u00e8s vari\u00e9s :<\/p>\n<ul>\n<li>Mise en ligne de vid\u00e9os, de reportages photos ou de pr\u00e9sentations graphiques sur le site d&rsquo;un organisateur de congr\u00e8s<\/li>\n<li>Mise en ligne de vid\u00e9os (\u00e9ventuellement en streaming live) et de comptes-rendus (pdf) sur le site d&rsquo;une collectivit\u00e9 territoriale<\/li>\n<li>Mise en ligne d&rsquo;\u00e9l\u00e9ments graphiques et visuels sur la banque d&rsquo;images destin\u00e9e aux licenci\u00e9s d&rsquo;un grand \u00e9diteur<\/li>\n<li>Insertion de nouveaux articles (livres, goodies&#8230;) dans la boutique en ligne d&rsquo;une fondation scientifique<\/li>\n<li>Mise en ligne de la programmation annuelle (spectacles) d&rsquo;un grand th\u00e9\u00e2tre francillien<\/li>\n<\/ul>\n<p>Ces prestations sont similaires \u00e0 celles que <strong>WEB Cr\u00e9ations<\/strong> \u00e0 ses clients dans le cadre des contrats d&rsquo;animation et d&rsquo;entretien suivant la cr\u00e9ation d&rsquo;un site.<\/p>\n<\/div><\/div><\/div><div class=\"fusion-panel panel-default panel-ea2349df25f2a2edf fusion-toggle-has-divider\" style=\"--awb-title-font-family:Verdana, Geneva, sans-serif;--awb-title-font-weight:400;--awb-title-font-style:normal;--awb-title-font-size:26px;--awb-title-color:var(--awb-color8);\"><div class=\"panel-heading\"><h3 class=\"panel-title toggle\" id=\"toggle_ea2349df25f2a2edf\"><a aria-expanded=\"false\" aria-controls=\"ea2349df25f2a2edf\" role=\"button\" data-toggle=\"collapse\" data-parent=\"#accordion-17-1\" data-target=\"#ea2349df25f2a2edf\" href=\"#ea2349df25f2a2edf\"><span class=\"fusion-toggle-icon-wrapper\" aria-hidden=\"true\"><i class=\"fa-fusion-box active-icon fa-globe-americas fas\" aria-hidden=\"true\"><\/i><i class=\"fa-fusion-box inactive-icon fa-globe-europe fas\" aria-hidden=\"true\"><\/i><\/span><span class=\"fusion-toggle-heading\">Travaux graphiques \u00e0 fa\u00e7on<\/span><\/a><\/h3><\/div><div id=\"ea2349df25f2a2edf\" class=\"panel-collapse collapse \" araia-labelledby=\"toggle_ea2349df25f2a2edf\"><div class=\"panel-body toggle-content fusion-clearfix\">\n<p>Bien que WEB Cr\u00e9ations ne soit pas une agence de cr\u00e9ation graphique, ces 26 ans d&rsquo;exp\u00e9rience dans la cr\u00e9ation de sites internet lui ont permit de se doter des outils et comp\u00e9tences n\u00e9cessaires \u00e0 la r\u00e9alisation de la plupart des travaux graphiques.<\/p>\n<ul>\n<li>Traitement, am\u00e9lioration et optimisation de photographies en vue de leur int\u00e9gration dans un site web (basse et moyenne r\u00e9solution)<\/li>\n<li>Traitement, optimisation et transcodage de vid\u00e9os en vue de leurs diffusions en ligne (sous-titrages, chapitrages&#8230;)<\/li>\n<li>Cr\u00e9ation de logos et \u00e9l\u00e9ments d&rsquo;habillages graphiques pour les sites web<\/li>\n<\/ul>\n<\/div><\/div><\/div><div class=\"fusion-panel panel-default panel-34700543edad4fdf1 fusion-toggle-has-divider\" style=\"--awb-title-font-family:Verdana, Geneva, sans-serif;--awb-title-font-weight:400;--awb-title-font-style:normal;--awb-title-font-size:26px;--awb-title-color:var(--awb-color8);\"><div class=\"panel-heading\"><h3 class=\"panel-title toggle\" id=\"toggle_34700543edad4fdf1\"><a aria-expanded=\"false\" aria-controls=\"34700543edad4fdf1\" role=\"button\" data-toggle=\"collapse\" data-parent=\"#accordion-17-1\" data-target=\"#34700543edad4fdf1\" href=\"#34700543edad4fdf1\"><span class=\"fusion-toggle-icon-wrapper\" aria-hidden=\"true\"><i class=\"fa-fusion-box active-icon fa-globe-americas fas\" aria-hidden=\"true\"><\/i><i class=\"fa-fusion-box inactive-icon fa-globe-europe fas\" aria-hidden=\"true\"><\/i><\/span><span class=\"fusion-toggle-heading\">Conseils et expertise<\/span><\/a><\/h3><\/div><div id=\"34700543edad4fdf1\" class=\"panel-collapse collapse \" araia-labelledby=\"toggle_34700543edad4fdf1\"><div class=\"panel-body toggle-content fusion-clearfix\">\n<p><strong>INFO Service<\/strong> puis <strong>WEB Cr\u00e9ations<\/strong> (depuis 2019) sont impliqu\u00e9s depuis 26 ans dans la cr\u00e9ation de sites internets. Cela leur a permis de traverser avec succ\u00e8s des mutations technologiques d&rsquo;importance, que cela concerne l&rsquo;\u00e9volution des serveurs ou des navigateurs web, mais \u00e9galement l&rsquo;apparition des r\u00e9seaux sociaux, de l&rsquo;e-commerce, des CMS et tant d&rsquo;autres nouveaut\u00e9s techniques.<\/p>\n<p>Aussi WEB Cr\u00e9ations pourra vous apporter son expertise dans des domaines aussi vari\u00e9s que:<\/p>\n<ul>\n<li>La mise en place d&rsquo;une solution d&rsquo;e-commerce l\u00e9g\u00e8re (WooCommerce) ou plus professionnelle (PrestaShop)<\/li>\n<li>La cr\u00e9ation et la diffusion d&rsquo;une newsletter p\u00e9riodique \u00e0 des listes de diffusions importantes en \u00e9vitant tous les \u00e9cueils conduisant habituellement au blacklistage rapide par les principaux op\u00e9rateurs de messagerie<\/li>\n<li>Plus g\u00e9n\u00e9ralement, une aide \u00e0 la mise en \u0153uvre de votre strat\u00e9gie digitale, en s&rsquo;appuyant sur tous les outils disponibles<\/li>\n<\/ul>\n<\/div><\/div><\/div><\/div><\/div><\/div><\/div><\/div><\/div>\n","protected":false},"excerpt":{"rendered":"","protected":false},"author":1,"featured_media":0,"parent":0,"menu_order":0,"comment_status":"closed","ping_status":"closed","template":"100-width.php","meta":{"footnotes":""},"class_list":["post-17","page","type-page","status-publish","hentry"],"_links":{"self":[{"href":"https:\/\/web-creations.fr\/index.php\/wp-json\/wp\/v2\/pages\/17","targetHints":{"allow":["GET"]}}],"collection":[{"href":"https:\/\/web-creations.fr\/index.php\/wp-json\/wp\/v2\/pages"}],"about":[{"href":"https:\/\/web-creations.fr\/index.php\/wp-json\/wp\/v2\/types\/page"}],"author":[{"embeddable":true,"href":"https:\/\/web-creations.fr\/index.php\/wp-json\/wp\/v2\/users\/1"}],"replies":[{"embeddable":true,"href":"https:\/\/web-creations.fr\/index.php\/wp-json\/wp\/v2\/comments?post=17"}],"version-history":[{"count":41,"href":"https:\/\/web-creations.fr\/index.php\/wp-json\/wp\/v2\/pages\/17\/revisions"}],"predecessor-version":[{"id":95,"href":"https:\/\/web-creations.fr\/index.php\/wp-json\/wp\/v2\/pages\/17\/revisions\/95"}],"wp:attachment":[{"href":"https:\/\/web-creations.fr\/index.php\/wp-json\/wp\/v2\/media?parent=17"}],"curies":[{"name":"wp","href":"https:\/\/api.w.org\/{rel}","templated":true}]}}